 6, what is 2 - -2201?
2203
In base 12, what is 216 + 0?
216
In base 6, what is 50 - 104?
-14
In base 8, what is -110 + 20?
-70
In base 12, what is -6 - 518?
-522
In base 8, what is -5 + 634?
627
In base 11, what is -59 + -34?
-92
In base 9, what is -25 - -202?
166
In base 3, what is 20120111 - -1?
20120112
In base 7, what is 1432 + 0?
1432
In base 3, what is -10 + -11020022?
-11020102
In base 13, what is -4251 - 5?
-4256
In base 7, what is 3221 - 2?
3216
In base 7, what is -3062 + -4?
-3066
In base 6, what is -21043 + 11?
-21032
In base 6, what is 10 + 5?
15
In base 8, what is 1244 - 1?
1243
In base 8, what is -7 - 3637?
-3646
In base 6, what is -421 - 2?
-423
In base 14, what is 5 + 268?
26d
In base 5, what is -1223 - -3?
-1220
In base 4, what is -1320 + 12?
-1302
In base 16, what is 0 - 3f3?
-3f3
In base 15, what is 4db + -2?
4d9
In base 14, what is 3 - -50c?
511
In base 16, what is -e - -543?
535
In base 7, what is 3 + 42?
45
In base 4, what is -10013 + -2?
-10021
In base 6, what is 4 - -5000?
5004
In base 10, what is 77 - -19?
96
In base 15, what is 2 - -3e4?
3e6
In base 3, what is -100 + -10120?
-10220
In base 10, what is -76410 + 1?
-76409
In base 4, what is 0 + -201?
-201
In base 15, what is 108 + 5?
10d
In base 5, what is 221 + 110?
331
In base 6, what is -442 - -5?
-433
In base 14, what is 0 + 9?
9
In base 9, what is -2152 - -3?
-2148
In base 10, what is 229 - -15?
244
In base 16, what is 47 - 5?
42
In base 15, what is -1 + -60?
-61
In base 16, what is 516e + 4?
5172
In base 2, what is -100 + 1111101?
1111001
In base 10, what is -4560 + 0?
-4560
In base 2, what is 11 + 1001000?
1001011
In base 2, what is 1 - 101010111?
-101010110
In base 7, what is -33304 + 3?
-33301
In base 6, what is -3 + -12?
-15
In base 8, what is -2 + -1267?
-1271
In base 9, what is -26 + 85?
58
In base 16, what is 181 + 0?
181
In base 12, what is 289 - 2?
287
In base 4, what is -33 - 3?
-102
In base 16, what is -50 + 5f?
f
In base 2, what is -111 + 100?
-11
In base 6, what is 104 - 45?
15
In base 4, what is -11 + 1030?
1013
In base 6, what is -100 + -5?
-105
In base 8, what is 16 + -34?
-16
In base 16, what is -8a9 + -2?
-8ab
In base 15, what is -b + 16?
a
In base 2, what is -11 - -111011?
111000
In base 4, what is 1131 + -223?
302
In base 7, what is -14 - -13?
-1
In base 8, what is 4 - -34?
40
In base 8, what is -30326 - 0?
-30326
In base 15, what is 5 - 69c?
-697
In base 3, what is 2001 - 11111?
-2110
In base 4, what is -110 + 233?
123
In base 6, what is -1030 + 12?
-1014
In base 16, what is 128 + -4?
124
In base 12, what is -5 - -529?
524
In base 10, what is -2085 - 5?
-2090
In base 6, what is 22 + -1351?
-1325
In base 16, what is -5 - -94?
8f
In base 11, what is -79 + -55?
-123
In base 16, what is -2c - -9?
-23
In base 7, what is 66 - -1104?
1203
In base 2, what is -10011111 - 101?
-10100100
In base 9, what is 31 - -6?
37
In base 5, what is -1431 + 3?
-1423
In base 4, what is -3 + -3012?
-3021
In base 5, what is -132231 - 0?
-132231
In base 4, what is -30 - 230?
-320
In base 3, what is 112021022 + -11?
112021011
In base 11, what is 11 + 94?
a5
In base 16, what is -1cfd + -4?
-1d01
In base 14, what is -d0 + 33?
-9b
In base 12, what is a2 + -63?
3b
In base 2, what is 101100 + 10011?
111111
In base 8, what is -13 + 576?
563
In base 15, what is -1 + -6b?
-6c
In base 3, what is 1000 + -2021?
-1021
In base 11, what is 2 - -796?
798
In base 9, what is 17 - -4?
22
In base 5, what is 12 - -43?
110
In base 9, what is 146 + 2?
148
In base 7, what is 241 + 46?
320
In base 6, what is 3 + -12?
-5
In base 16, what is 14 - -f?
23
In base 2, what is -110111 - -101111100?
101000101
In base 2, what is 0 - 1000011011?
-1000011011
In base 13, what is 9ba + 8?
9c5
In base 11, what is 0 - -1141?
1141
In base 8, what is -4 + 35?
31
In base 3, what is -200 - 120?
-1020
In base 14, what is 188 + 5?
18d
In base 10, what is 1239 - 0?
1239
In base 12, what is 4 + -13?
-b
In base 15, what is 40 - -16?
56
In base 15, what is 1 - 8?
-7
In base 14, what is -cb + 0?
-cb
In base 13, what is 1381 - 2?
137c
In base 13, what is 205 + -18?
1ba
In base 3, what is 12022000 - -11?
12022011
In base 13, what is 656 + -5?
651
In base 7, what is -30 - -50?
20
In base 12, what is 32 - -1?
33
In base 8, what is -2 - 211?
-213
In base 3, what is -12212021 + 12?
-12212002
In base 10, what is 3 - 361?
-358
In base 7, what is -1 - -13?
12
In base 14, what is -3d - 2?
-41
In base 4, what is -1022102 + 0?
-1022102
In base 16, what is -2a0b - -2?
-2a09
In base 16, what is -17c + -2?
-17e
In base 10, what is -250 - 4?
-254
In base 3, what is -11201 + -1002?
-12210
In base 10, what is -1151 + 5?
-1146
In base 4, what is -2 + 13?
11
In base 10, what is 3 - 2?
1
In base 4, what is 221232 + 0?
221232
In base 11, what is 5744 + 0?
5744
In base 11, what is -29 + 0?
-29
In base 15, what is -1d - -4b?
2d
In base 3, what is -120200 + 200?
-120000
In base 11, what is 5 + 710?
715
In base 9, what is 3 + -37?
-34
In base 4, what is 3 + 13332?
20001
In base 5, what is 41 - 11200?
-11104
In base 7, what is -342 + 0?
-342
In base 2, what is -1000 + -111?
-1111
In base 15, what is b - 4?
7
In base 7, what is 0 + 30?
30
In base 12, what is -131 + 21?
-110
In base 5, what is 400 + -3?
342
In base 14, what is -2 - -50?
4c
In base 16, what is 8fe - 8?
8f6
In base 15, what is 4 + 3bb?
3c0
In base 4, what is -1300 + -12?
-1312
In base 5, what is 4011 + -1?
4010
In base 12, what is 3 - -1a3?
1a6
In base 11, what is a + -325?
-316
In base 5, what is 3 - -3333?
3341
In base 8, what is 5 - 120?
-113
In base 14, what is -2 + 34?
32
In base 14, what is -26c5 + 2?
-26c3
In base 5, what is -2001 + 2?
-1444
In base 15, what is 1e4 - -5c?
251
In base 16, what is -4 - dc9?
-dcd
In base 12, what is -97 - -78?
-1b
In base 9, what is 818 + 12?
831
In base 8, what is -1 - 0?
-1
In base 3, what is -202 - -12?
-120
In base 4, what is -31323 + -2?
-31331
In base 14, what is 5 - 21?
-1a
In base 2, what is 1110100010 - 10?
1110100000
In base 3, what is 12001 - -102?
12110
In base 15, what is -279 - -4?
-275
In base 11, what is 0 + 3061?
3061
In base 8, what is -5 + 10?
3
In base 2, what is -110111 + -100?
-111011
In base 11, what is 80 + 25?
a5
In base 14, what is -a + 4?
-6
In base 13, what is 4 - -154?
158
In base 6, what is 23 - -12?
35
In base 2, what is 1001110000 + -11?
1001101101
In base 7, what is 5 + 10161?
10166
In base 14, what is 24 + -30?
-a
In base 15, what is -5 + 7?
2
In base 9, what is 14 - -7?
22
In base 7, what is 121 + 110?
231
In base 9, what is 266 - 5?
261
In base 3, what is 12 + -2210?
-2121
In base 2, what is 110100001 - -1?
110100010
In base 13, what is -2 - -76?
74
In base 9, what is -1765 + -4?
-1770
In base 2, what is -11000000 + -11?
-11000011
In base 10, what is -46 - -5?
-41
In base 14, what is 1 - 500?
-4dd
In base 7, what is 44 + -100?
-23
In base 13, what is 8 - -a?
15
In base 15, what is -3b8 - 4?
-3bc
In base 16, what is 8 + -7a?
-72
In base 9, what is 12257 - -1?
12258
In base 15, what is -8 + -4a?
-53
In base 5, what is 1 - -2032?
2033
In base 6, what is 0 + 3010?
3010
In base 5, what is 4 + -203?
-144
In base 8, what is 1350 + 0?
1350
In base 10, what is 19 + 24?
43
In base 8, what is 1 + -13?
-12
In base 12, what is 103 + 4?
107
In base 4, what is -130 + 1130?
1000
In base 2, what is 1 + 11011011?
11011100
In base 10, what is -5 + 686?
681
In base 10, what is -56 - 4?
-60
In base 9, what is 118 + 88?
217
In base 10, what is 3 + -1367?
-1364
In base 13, what is 5 + -29?
-24
In base 3, what is 11010 - -2?
11012
In base 12, what is 0 + 34?
34
In base 8, what is 25 + -11?
14
In base 10, what is -404 + -3?
-407
In base 9, what is 1402 - -14?
1416
In base 5, what is -12 - 303?
-320
In base 3, what is 0 - -110?
110
In base 11, what is -1 + 56?
55
In base 5, what is 4 - 2012?
-2003
In base 7, what is 24011 - 5?
24003
In base 12, what is 9 - -67?
74
In base 15, what is -3d2 + 6?
-3cb
In base 6, what is -101 - 3401?
-3502
In base 13, what is 7156 - -4?
715a
In base 6, what is -2 - 120?
-122
In base 16, what is 70 - -1?
71
In base 13, what is 951 + 0?
951
In base 2, what is 11110 + -110?
11000
In base 9, what is 4 - -1535?
1540
In base 2, what is -11 - 1000101?
-1001000
In base 15, what is 0 + 2b9?
2b9
In base 9, what 